q**2 + 33*q + 37. Let i(y) = y**3 + 9*y**2 - 71. Let x be i(-7). What is the hundreds digit of k(x)?
9
Let b(h) = -2*h**2 + 18*h - 31. Let f be b(6). Suppose -3515 = -f*i - 5*r, 0 = i + 5*r - 518 - 177. What is the hundreds digit of i?
7
Let p(b) = -b + 11. Let f be p(9). Suppose 5*w + 2*y = f*w, 5*w = 5*y. Suppose w*j = -5*s + j + 462, s = -2*j + 88. What is the units digit of s?
2
Suppose 4*c + 2488 = q, -24*c + 2 = -22*c. Suppose 4*d - q = 940. What is the tens digit of d?
5
Suppose 0 = 2*y - i - 33, -5*i = y - i - 39. Suppose -9*w - 330 = -y*w. Suppose w*f = 30*f + 357. What is the tens digit of f?
1
Let c = 8920 - 1198. What is the thousands digit of c?
7
Suppose 75*c - 173119 + 121505 = 171361. What is the tens digit of c?
7
Let q = -803 - -1292. Let n = 703 + q. Suppose n = -0*a + 8*a. What is the tens digit of a?
4
Suppose -14076 = -29*j + 12*j. Let h = -147 + j. What is the hundreds digit of h?
6
Let h(a) = 4*a - 56. Suppose -2*n + 80 = 3*n. Let b be h(n). Suppose 3*z - 286 = -b*z. What is the units digit of z?
6
Suppose 27 + 230 = -a. What is the units digit of -2 - ((a - 0) + -3)?
8
Let p(k) = 13*k + 211. Let q be p(-13). What is the hundreds digit of 19800/135*q/8?
7
Let g(z) = z**3 - 10*z**2 + 8*z + 11. Let m = 14 - 5. Let x be g(m). What is the hundreds digit of (x + (1 - 3))/2 - -162?
1
Let n(x) = -36 - 2*x + 2*x + 6*x - 2*x. Let v be n(9). Suppose 5*i - 186 = -2*k - v*i, 5*k - 411 = i. What is the tens digit of k?
8
Let q(a) = -10*a**3 - 27*a**2 + 32*a + 90. What is the tens digit of q(-9)?
0
Let m be (4 - (-7)/(-2))*-442. Let u = 326 - m. What is the units digit of u?
7
Suppose -275*h + 376424 = -1094826. What is the hundreds digit of h?
3
Let z(y) = 11*y - 28. Let d(j) = 10*j - 28. Let f(n) = 6*d(n) - 5*z(n). Let g(m) = -m**2 + 13*m - 13. Let o be g(11). What is the units digit of f(o)?
7
Suppose 99*s - 100*s = -3*q + 5019, 4*q - 6692 = 3*s. What is the units digit of q?
3
Let j(x) = 2*x**3 - 2*x**2 - 29*x + 31. Suppose -5*g = -6*g + 9. What is the units digit of j(g)?
6
Suppose 5*d + 693 - 17325 = -3*d. What is the units digit of d?
9
Suppose -2*f - 135 - 108 = 5*a, 4*a - 4*f + 200 = 0. Let i = 5658 + -5614. Let y = i - a. What is the tens digit of y?
9
Let l(x) = 28*x**3 + 6*x**2 + 41*x - 128. What is the units digit of l(7)?
7
Suppose 0 = -17*u - 3*c + 594452, 0 = 19*u - 14*u - 5*c - 174880. What is the ten thousands digit of u?
3
Suppose -1808 + 4986 = 7*j. Suppose 2*f + j = 4*f. Let r = f + -48. What is the tens digit of r?
7
Let v be (-240)/(-400) + (-24)/(-10). Suppose 0*y - 3*o - 918 = -v*y, -o = 5*y - 1548. What is the tens digit of y?
0
Let i(t) = -t + 37. Let v be i(35). Suppose 1390 = 4*r + 2*x, -5*x + v*x = -2*r + 675. What is the tens digit of r?
4
Suppose 0 = 2*n - 49 - 107. Let j = n + -24. Suppose -5*i - j = -149. What is the units digit of i?
9
Suppose -3*q + w + 90 = -0*w, 0 = -5*q + w + 150. Let r = 29 - q. What is the units digit of ((-700)/5 - -1)*r?
9
Suppose 0*a - 2*a + 4*l + 24 = 0, -12 = 3*l. Suppose u - v = 593, -a*u + 3*v + 1844 = -532. What is the tens digit of u?
9
Suppose 4062 = -6*k + 192. Let t = -1002 - k. Let s = t + 522. What is the hundreds digit of s?
1
Suppose 274*b = 270*b. Let t(y) = -2*y**3 - 6*y**2 + y - 3. Let q be t(-5). Suppose -5*j - 2*n = -4*j - q, b = -2*j - 3*n + 182. What is the tens digit of j?
8
Suppose 0 = 3*j - 1 - 50. Let o(g) = -g**3 + 17*g**2 + 2*g - 29. Let m be o(j). Suppose m*u = 7*u - 390. What is the units digit of u?
5
Suppose 0 = 143*s - 148*s + 143680. What is the ten thousands digit of s?
2
Suppose -2 = z + 2. Let m(k) = -k**3 + k**2 + k + 1. Let f(a) = -4*a**3 + 5*a**2 + 5*a - 2. Let o(c) = -f(c) + 5*m(c). What is the units digit of o(z)?
1
Let r be 2/(-6) + 2 + 32/6. Let g(h) = 26*h + 6. Let n be g(r). Let m = 282 - n. What is the tens digit of m?
9
What is the units digit of (-2451796)/(-393) + 13/3?
3
Suppose 2*h = 4*w - 626 + 2198, -3*w - 1185 = -3*h. Let y = w - -764. What is the units digit of y?
3
Suppose -2*m = -m - 318. Suppose 11*u + 5*r = 9192, 66*u - 64*u - 1665 = -3*r. Suppose -u = -11*o + m. What is the tens digit of o?
0
What is the ten thousands digit of (1 + 2)/(72/17995296*22)?
3
Suppose -12*l = -13*l + 2. Suppose 2*k - l*j - 6 = 0, 5*k + 3*j - 5*j = 12. Suppose -56 + k = -v. What is the tens digit of v?
5
Let w(h) = -h**3 + 36*h**2 - 33*h - 52. Let o be w(35). What is the units digit of (o/10)/((-141)/(-54755))?
9
Let w = -11091 - -45518. What is the tens digit of w?
2
Suppose 0 = 3*c - 4*u - 23, -u = 5 - 0. Let m be (c + 1)*7/(-14) - 2. What is the hundreds digit of m/2 - (-2712)/16?
1
Suppose -2*z + 3*c + 11229 - 2158 = 0, 0 = 4*z + 4*c - 18132. What is the tens digit of z?
3
What is the hundreds digit of 7*-1 - 3152208/(-102)?
8
Suppose 0 = 27*r - 15*r - 240. What is the tens digit of 2 - r/8*(-1896)/20?
3
Let r(v) = 5*v**3 - 4*v**2 + 3*v + 2. Suppose -5*m + w + 28 = 0, 0 = -2*m - 7*w + 4*w + 1. What is the units digit of r(m)?
2
Let n = 0 + -20. Let j be -9 + (12/2 - n/(-5)). Let x(w) = w**3 + 8*w**2 + 5*w - 5. What is the units digit of x(j)?
9
Suppose -7*b + 45 + 5758 = 0. Let j = b + -351. What is the units digit of j?
8
Let v be 6 + (6/((-18)/15))/(-5). Suppose 3*x + 10*b = v*b + 129, x + 3*b = 45. What is the units digit of x?
2
Suppose -24*a + 356595 = 173061 - 1042194. What is the ten thousands digit of a?
5
Let v = -186 + 188. Suppose 4*n + v*k = 5*n - 528, 2*k = -4*n + 2122. What is the tens digit of n?
3
Let j = -2597 + 3640. Suppose -7*k + 1932 = -j. What is the tens digit of k?
2
Suppose -8*r + 40 = -0*r. Suppose 5*d - 11 = -3*p, 3*p = -0*d + d + r. Suppose -3*o + 5*k = -114, -5*k = -p*o + 86 - 5. What is the units digit of o?
3
What is the units digit of (-793096)/(-104) - (-1)/13?
6
Suppose 0 = -9*k - 0*k + 18. Suppose 12 = 3*o - k*i, 0*o + 3*o + 3*i = 12. Suppose -1120 = -4*h - o*h. What is the hundreds digit of h?
1
Let p(z) = 11*z**3 - 2*z**2 - 11*z - 2. Let k = 160 - 157. What is the tens digit of p(k)?
4
Let s(m) = -271*m - 971. What is the tens digit of s(-6)?
5
Let y = 121717 + -81122. What is the ten thousands digit of y?
4
What is the units digit of (-76536)/30*330/(-264)?
9
Let u(q) = 605*q**3 - 10*q**2 + q - 1. What is the units digit of u(2)?
1
Let n = -237 + 219. What is the units digit of (212 - 2) + (-2 - n)/4?
4
Let c(z) = 7*z**3 - 13*z**2 + 15*z - 4. What is the tens digit of c(10)?
4
Suppose 10*c - 6*c - 16 = 0. Suppose -3*g + 3*z = -1035, -2*g + 3*g - c*z = 333. What is the tens digit of g?
4
Let d(m) = 4*m + 41. Let x be d(-5). Let i(s) = -s**3 + 26*s**2 - 46*s - 59. What is the units digit of i(x)?
0
Suppose -x - 5*v + 79 = -2*x, -5*x + 5*v - 335 = 0. Let y = 594 + x. Suppose -2*b + 3*l = 2*l - 207, 0 = 5*b - 5*l - y. What is the tens digit of b?
0
Let l(y) = 47*y**2 - 5*y - 8. Let c be (1 - -1)/(6/(-12)) - -1. Let w be l(c). Suppose -5*t + 6 = -s - 689, 3*t - w = -2*s. What is the hundreds digit of t?
1
Let n be (-314709)/(-621) - (-4)/18. Let r = -264 + n. What is the hundreds digit of r?
2
Let y be ((-579)/12)/(6/(-24)). Let h = 176 - 256. Let f = y + h. What is the tens digit of f?
1
Let u(l) = -l**2 + 2*l + 16. Let q be u(-6). Let y = q - -35. Suppose 0*c + 101 = 5*s - 4*c, 0 = 4*s - y*c - 80. What is the units digit of s?
7
Let s = -85 - -124. Let h be (-2)/(-4) - ((-132)/(-8) + -4). Let c = s - h. What is the tens digit of c?
5
Let f(g) = -703*g + 1133. What is the units digit of f(-6)?
1
Let q(j) = -193*j + 5 - 1 + 712*j. Let t be q(1). Suppose -9*g + 1349 = -t. What is the tens digit of g?
0
Let i(m) = m**2 + 11*m + 28. Let y be i(-8). Suppose y*p + n = 159, -2*p - 7*n = -3*n - 62. Let w = 189 - p. What is the units digit of w?
8
Suppose 3*h + 5*n = 18, -h - 3*n + 9 = -1. What is the tens digit of 9 - 9 - (1760/(-2) + h)?
7
Let a be ((-6)/(-12))/(1/(-2)) + 29. Let p = a - 23. Suppose -3*d - p*c + 11 = -267, -d + 4*c + 104 = 0. What is the units digit of d?
6
Suppose 0 = 5*c + 25, 2*a - 5*c - 14847 - 27280 = 0. What is the units digit of a?
1
Let h = -10615 + 21015. What is the hundreds digit of h?
4
Let l = -16 + 18. Suppose l*p + 23 = -57. Let j = 79 + p. What is the tens digit of j?
3
Suppose -3*s + 26 + 28 = 0. Let v = s - -14. What is the units digit of (-8)/v*16/(-6)*108?
2
Let v = 8